7 - 11)?
-8
Calculate -12 - (-11 - 0) - -2.
1
Calculate -2 - 2 - -4 - 3.
-3
(-1 - 2) + 3 + -3 + 0
-3
What is the value of -1 + (1 - -1) - (112 - 103)?
-8
What is the value of (3 - (-3 - (0 - -1))) + -4?
3
Evaluate -66 + 62 + -1 + -2.
-7
Evaluate (0 - -3) + (0 - (0 - 0)).
3
What is -2 - (2 - 6) - (-16 - -16)?
2
Calculate 7 + (5 - (-4 - -14)).
2
What is the value of 0 - -2 - (2 - (0 - -4))?
4
Evaluate (-3 - 7) + (6 - 1).
-5
What is 3 - -3 - 3 - 9?
-6
What is 5 + 1 - (-62 - -66)?
2
Evaluate -2 - (8 + (4 - 17)).
3
What is -6 - (0 + -1) - (1 - 12)?
6
What is the value of 5 - (7 + 0 + -1 + 1)?
-2
-15 - (9 + -10 + -5)
-9
Calculate -1 + (-5 - -4) + (3 - -1).
2
What is -5 + 0 + 6 + -7?
-6
27 + -25 + (-2 - (-2 + 5))
-3
What is the value of 3 - (-2 + -5 - -4 - -5)?
1
What is -8 - (-6 + (1 - 2))?
-1
What is the value of -8 - (-3 + 0) - -3?
-2
Calculate 5 - (-5 + (-1 - -5)).
6
What is the value of (-2 - 2 - -2) + -1 + 2?
-1
Calculate 0 + 0 + -1 - (13 - 15).
1
What is 1 - (-5 - -7 - 6)?
5
What is the value of -3 + -1 + -3 + 3 + 2?
-2
What is the value of -7 + 8 - (6 + -3 + -5)?
3
Evaluate (2 - 7) + (-14 - -18).
-1
1 - (0 + -1) - (70 - 67)
-1
What is the value of 8 - (-5 - -6 - -4)?
3
What is the value of (-3 - -5) + (-5 - -3)?
0
Evaluate 3 + (0 + 4 - (8 - 2)).
1
What is the value of (6 - 1) + -83 + 76?
-2
Evaluate -1 + 3 + (-2 - 5).
-5
What is the value of (-11 - 2) + 9 + 0 + 1?
-3
Calculate (-8 + (7 - 0) - 1) + 1.
-1
What is the value of 2 - 5 - (-3 - 3)?
3
What is -4 + (-1 - (6 + -9) - 0)?
-2
What is -6 + (15 - 2) + -6 + -5?
-4
3 - (-4 + 3 + 2 + 2)
0
Evaluate 1 - (1 - 1 - (8 - 5)).
4
Calculate 5 + -1 + -13 + 6.
-3
(7 - (7 - 6)) + -9
-3
What is the value of 0 + (9 - (-2 + 1 - -6))?
4
Calculate 6 + -1 + -3 + 0.
2
Calculate -5 + 9 + -6 + 6.
4
Calculate 25 + -25 + (-2 - 3).
-5
What is (-3 - (3 + 0)) + (14 - 2)?
6
What is (2 - -2) + -3 + -1 + -4?
-4
Calculate 2 + 0 + 1 + 0 + 0.
3
Evaluate 2 + (-1 - (1 - -1)).
-1
Calculate -1 + (-11 - -5 - -10).
3
Calculate 5 - (-3 - (1 - 11)).
-2
What is the value of -5 - (1 - (-2 + 5))?
-3
Evaluate 1 - (12 - -3 - 8).
-6
Calculate 17 - (8 + -15 - -18).
6
(3 - 4 - -4 - 5) + 0
-2
What is -2 + -4 + 10 + -1?
3
Evaluate -3 + (-6 + 3 - 0).
-6
(5 - (3 + -3 + 1)) + 0
4
What is the value of 2 + -2 - (-13 + 0 + 17)?
-4
What is -6 + 2 - (1 - 1)?
-4
What is 3 - ((1 - 3) + 2)?
3
Evaluate -11 + (-8 - (-6 + -8)).
-5
-2 - (1 - -2) - -1
-4
What is the value of 2 + (1 - 5) - (14 - 11)?
-5
What is the value of (-58 + 52 - (-10 - 0)) + 2?
6
(11 - 11) + 3 - -2
5
Evaluate 4 - (3 + 2) - (1 - -3).
-5
Calculate 15 - (-2 + 10 + 0).
7
13 + -3 + -3 + -12
-5
-1 + (2 - 4) + 5
2
Calculate 16 + 0 - (-195 - -208).
3
-92 - -88 - (-1 + 1)
-4
Evaluate 2 + (6 - 1) - (2 - -1).
4
(-12 - -26) + -11 - 2
1
-17 + (4 - (-11 + 7))
-9
Calculate 9 + 3 + -4 + -4.
4
Calculate (-9 - 5) + 6 - -15.
7
What is 0 + -1 + (3 - -2)?
4
Evaluate 2 - (2 - (-5 + (13 - 3))).
5
What is 1 - (3 + -3 + 1 + -5)?
5
What is the value of (11 - 5) + 2 - 1?
7
What is (4 - 5) + (3 - (0 + -2))?
4
-6 - -1 - (16 - 18)
-3
What is the value of (23 - 11 - 2) + (1 - 3)?
8
What is 0 + -5 - (71 - 69)?
-7
Calculate -3 - (1 - (8 + -3)).
1
What is 3 - 2 - (-2 + (-1 - 0))?
4
What is 1 - 9 - (76 - 84)?
0
What is 3 + (-5 + -1 + 1 - 0)?
-2
Evaluate 5 + (-5 - (-1 + 0)) + 1.
2
What is (-111 - -116) + -15 + -1?
-11
-1 - (16 + -4) - -9
-4
-3 - (2 - (-5 - -9)) - 3
-4
Evaluate 1 + -15 + 34 + -19.
1
Evaluate 4 - 4 - (-1 - -4).
-3
4 + 7 - 9 - (0 - -7)
-5
What is the value of -9 - -5 - (-4 - 5)?
5
Evaluate (-1 - -3) + (7 - 7 - 3).
-1
2 - 5 - (-1 + -2 + 3)
-3
Evaluate -1 + -1 - (6 - 1).
-7
What is the value of (2 - 22) + -1 + 13 + -3?
-11
What is 1 - -2 - (1 - (3 + -2))?
3
Evaluate -1 - (3 + -5 - 4).
5
(12 - (20 + -14)) + (-1 - 5)
0
What is (5 + -3 - 2) + 3?
3
Evaluate (1 - (9 + -4)) + 1 - 4.
-7
Evaluate (1 - -4) + (-1 - 0) - -1.
5
Calculate -8 + (5 - 3) + 1.
-5
What is the value of 4 - (16 - 9) - -1?
-2
Calculate -2 + 8 + -4 + 2.
4
(-4 - 2) + 15 + -9 + -3
-3
What is 6 - ((2 - 9) + -10 + 17)?
6
Evaluate 4 - (0 + 1 + (-5 - -5)).
3
What is -6 + 5 + 2 + 3?
4
Calculate (-4 - 3) + (-5 - -2) + 7.
-3
Calculate 3 + 0 - (-7 - -9).
1
8 - 8 - (-2 + 6)
-4
(6 - 1) + (6 + 2 - 12)
1
Calculate -6 + 1 + 0 + 10.
5
Calculate (4 - 15) + 2 - 1.
-10
What is the value of 15 + -22 + (5 - (-1 - -1))?
-2
What is the value of 0 + 0 - (54 + -59)?
5
Calculate -1 + -3 - 1 - 0.
-5
What is the value of -1 - -8 - (1 - -1)?
5
Evaluate (-4 - (-3 - 0)) + -4.
-5
-6 - (-5 + 2) - (1 - 3)
-1
What is -1 - (0 + -5) - 1?
3
What is the value of 14 - ((0 + -3 - 3) + 9)?
11
What is 3 + -4 + -5 + 2?
-4
Calculate -1 - (5 - 0 - 4).
-2
What is 1 - (-4 + 5 + (0 - 5))?
5
What is 1 + 4 + 1 + -3?
3
What is the value of 0 + 7 + -4 + 0?
3
Calculate (-1 + 6 - (-3 + 5)) + 0.
3
Evaluate (2 - -4) + -3 + 1 + -1.
3
1 + (3 - 8 - -2) + 4
2
Evaluate 4 - 3 - -5 - 5.
1
11 - 2 - 22 - -14
1
18 - 7 - 7 - 7
-3
What is the value of -4 - (-7 + 1 - -1) - -2?
3
2 + 0 - (-7 - (9 - 20))
-2
What is -5 - (-8 - 3) - (-5 - -11)?
0
Calculate -4 + 2 - (1 + -4).
1
What is the value of (1 - 1) + (-4 - 2)?
-6
5 + (-10 + (-3 - 1) - -5)
-4
What is the value of -3 + -7 + -3 + (7 - -7)?
1
Evaluate 3 + -3 + 5 + (1 - 10).
-4
Calculate 4 + (2 - 2) - 0.
4
What is the value of -4 + -9 - -11 - -10?
8
What is the value of -3 + (0 - 1 - 3) + 6?
-1
What is the value of 7 + -4 - (6 + -6 - 2)?
5
Calculate (-5 + 0 - -1) + 12 + -3.
5
What is the value of -4 - (1 - (3 + 5 + -2))?
1
What is 2 + (5 - (0 + -2)) + -5?
4
Evaluate (1 + -3 - -4) + 1 + -10.
-7
-1 - (-4 - (1 - 7))
-3
What is the value of 5 - (3 - (1 + 5 - 6))?
2
Evaluate -1 - -3 - (6 - 2).
-2
Calculate 19 - 18 - (-1 + 0).
2
What is the value of 5 - 1 - (7 - -1)?
-4
What is the value of -5 + -3 - -4 - -4?
0
What is the value of 6 + -22 + (9 - -3)?
-4
What is -1 + 0 + -1 + (2 - 5)?
-5
What is the value of -1 - (-8 + (13 - 6))?
0
What is 8 + -5 + -2 - -6?
7
What is 7 + -11 - 4 - (4 + -21)?
9
4 + (10 - 6 - 12)
-4
Evaluate 4 + -2 + (4 - 2) + -1.
3
15 - (8 + -3 - -3)
7
What is the value of 3 + 0 + -5 - 1?
-3
-8 + (-5 - (-2 + -7))
-4
What is 1 - -2 - (0 + (-2 - -2))?
3
0 + -6 + (-44 - -50)
0
Calculate (-1 + 1 - 5) + 6.
1
What is -1 - 3 - -7 - 3?
0
3 + -8 + 7 + 4 + -1
5
Evaluate (-1 - (11 + -7) - 4) + 3.
-6
Evaluate 8 + -7 + (2 - (0 - -4)).
-1
Calculate -11 - (-17 + 5 - -3).
-2
Calculate -3 + -6 + 5 + 7.
3
Calculate (23 + -2 - 3) + 2 + -10.
10
What is -8 + 2 - -10 - 0?
4
(36 - 36) + -1 + 1
0
Evaluate -5 - (5 + 0 - 9).
-1
What is 0 - (8 - 4 - (11 - 2))?
5
What is the value of 1 - (3 + -6 + 0 - 2)?
6
What is the value of 3 - ((6 - (-2 - -6)) + -2)?
3
What is 22 + -21 - (-1 + -1 + 1)?
2
(-2 + 1 - -6) + -32 + 28
1
Calculate -11 + 6 + 6 - 0.
1
-2 + -5 + (7 - (10 + -6))
-4
Evaluate -9 - (8 - 25 - -7).
1
-1 - ((7 - 7) + 3)
-4
What is 0 + (3 - 6) - 3?
-6
What is -4 - (4 + 0 - 8)?
0
What is the value of (4 - 7 - (-2 - 3)) + -1?
1
What is (3 - (-4 - -3)) + 1 + 0?
5
-11 - (-2 - (5 + 0))
-4
Evaluate (-5 - -1) + 8 + (1 - 4).
1
Calculate -5 + -9 + 8 + 5.
-1
Evaluate (1 - 2) + (57 - 55).
1
Evaluate (-4 - (4 - 5)) + (-2 - -9).
4
-8 + 5 - -13 - (5 - 1)
6
Calculate (-2 - ((0 - 4) + 2)) + 0.
0
Evaluate (1 + -4 - -4) + -4 + 3.
0
Calculate (-10 - -4) + (8 - -3).
5
Calculate 3 + (0 - 2) - -4.
5
0 - 5 - (-1 - (-8 + 9))
-3
What is the value of -12 + (0 - -6) - -5?
-1
What is 3 - 0 - (5 + 0)?
-2
-4 - (-37 + 39 + -5 + 0)
-1
What is the value of (11 - 18) + (-3 - -6)?
-4
Calculate 2 + (0 - 0) + (-2 - 1).
-1
What is the value of -3 + 0 + 6 - -2?
5
What is 6 + (3 + -8 - -5)?
6
What is -4 - ((4 - 11) + 4 - -3)?
-4
What is the value of 14 + -21 + (6 - -1)?
0
-4 - (-1 - 0 - (8 + -7))
-2
-1 - -10 - (7 + -6 + 3)
5
(16 - 16 - (1 + -5)) + 0
4
What is the value of 3 - (-8 + (21 - 8))?
-2
Evaluate -2 - (-1 + (0 - (2 - 2))).
-1
Calculate -4 + (4 - (-4 - -3)).
1
Evaluate 3 + 0 + -3 + 2 + 0.
2
Calculate 1 - (-3 - (0 - (4 + 0))).
0
What is the value of -1 + -12 + 10 - 1?
-4
Evaluate 3 + 2 + -4 - 5.
-4
-2 + 1 + (2 - 2)
-1
What is the value of -6 + 6 - 1 - 1?
-2
Evaluate 6 + (2 - 10) - -7.
5
What is -24 + 15 + (0 - -14)?
5
3 + 0 + 4 + -7
0
What is the value of 0 - ((4 - 1) + -4)?
1
0 + -2 - (-2 + -2)
2
20 + -14 - (2 + 1)
3
What is the value of 0 + 1 - (-4 - -3) - -2?
4
Calculate (-4 - 6) + (0 + 1 - -2).
-7
What is 